ime number?
False
Let r be (-12)/(-9) - (-2)/3. Suppose 25 = -5*a, -r*f + 2*a + 3*a = -31. Suppose 0 = f*g + 4*z - 129, -z = -3*g - 3*z + 123. Is g a composite number?
True
Suppose l + 0*l = 296. Let h = 667 - l. Is h a prime number?
False
Let r = 658 + -461. Suppose 5*x + 215 = 8*y - 3*y, r = 5*y + 4*x. Suppose z = -10 + y. Is z a prime number?
True
Let a(z) = -z**2 - z + 2. Let p be a(0). Suppose 6*k = p*k + 16. Is k a composite number?
True
Let k(v) be the first derivative of 10*v**3/3 - v + 8. Is k(-3) a prime number?
True
Let q(g) = g**2 - 2*g + 5. Let s = 21 + -13. Is q(s) a composite number?
False
Let a(d) = -d**3 - 5*d**2 + 7*d + 8. Let v be a(-6). Suppose -b + v = 1. Is -1*(-52*1 - b) composite?
False
Suppose 322 = -3*b + 2*j + 69, 4*j = -4. Let o = 4 - b. Is o a prime number?
True
Suppose 5*t - 315 - 1290 = 0. Let i = -134 + t. Suppose -x - 2*n = -i, 3*n - 949 = -5*x - 0*n. Is x prime?
True
Suppose 2 = -v, d - 2 = -5*v + 27. Suppose 4*f = c + c + 10, 4*c = -3*f + 24. Suppose -4*s = -3*a + 91, -87 = -3*a - c*s + d. Is a prime?
True
Let o = -8 - -11. Suppose -o*r + 4 = -z - 2, 0 = -3*z. Suppose -75 = -3*j + 4*n, 4*j + n = r*j + 50. Is j prime?
False
Suppose 0*j + 4*j = 20. Suppose j*k = 2*q - 0*q - 8, 4*k = -q + 4. Suppose -m + 2*z = -32, -3*m - 3*z - 70 + 175 = k. Is m prime?
False
Let y(v) = 5*v**2 + 9*v + 9. Is y(-8) composite?
False
Let p = 318 - 226. Is (-6)/(-4)*p/6 a composite number?
False
Suppose -u = 2*u. Let q(i) = i**2 + 347. Is q(u) a composite number?
False
Suppose 3*a = -5*n + 118, 3*n - 78 = -2*a - 0*n. Let o = a + -29. Is o a composite number?
False
Let w be 89*(14 + -1 + -2). Suppose -3*r = 4*x - w, 9*r - 4*r + 5*x = 1635. Is r a composite number?
True
Let m = 130 - -31. Is m composite?
True
Let t(d) be the second derivative of d**5/20 - 5*d**4/12 + d**3/6 + d**2/2 + d. Let h be t(5). Let f(n) = n**2 + 2*n + 1. Is f(h) a composite number?
True
Let a be (0 + -1)/((-1)/7). Let d(s) = 21*s - 1. Is d(a) a composite number?
True
Suppose t + 9 = 2*y - 0*t, -4*y = -4*t - 28. Let w be 1/(-2)*(-8 + y). Suppose 0 = -2*x + w*x - 53. Is x composite?
False
Let l(r) = 159*r**2 - 2*r + 1. Is l(1) a composite number?
True
Let u = -2 - 2. Let a be (2/u)/(7/(-14)). Is (a/3)/((-1)/(-381)) a composite number?
False
Let a be 6/6 - 48*1. Let z = 126 + a. Is z prime?
True
Let k(s) = 3*s**2 - 2*s + 3. Let q be k(-3). Suppose -3*v - q = -4*v. Let n = v + -15. Is n a prime number?
False
Suppose -5*o + 9 + 5 = 2*g, 4*g = 8. Let l be (o + 1 + -2)*5. Suppose v + l*j - 31 = -0*v, -j = 0. Is v prime?
True
Let w be (0/3)/(-3) - 0. Suppose w = -3*c - 0*c + 369. Is c a composite number?
True
Suppose i - 2 = -0, -5*m - 5*i = 180. Let c be 3 + -1 + -3 - m. Suppose 3*a = -4*h + 13 + 8, -2*a + 5*h = -c. Is a prime?
True
Suppose 11*j + 9347 = 26661. Is j a composite number?
True
Suppose -590 = -279*c + 274*c. Is c a prime number?
False
Let n be 196/2*1/2. Suppose 3*g - 4 = -z, -2*z + g - n = -6*z. Is z prime?
True
Suppose 3*a - d = -0*d + 397, -115 = -a - 4*d. Is a a prime number?
True
Suppose 6 = 4*q + 3*k, 2*q - 6 = -4*k + k. Suppose l + 170 = 5*s, q = -2*s + s + 2*l + 34. Is s prime?
False
Suppose -5*l = -2 - 58. Is 1344/l + (-2)/2 a composite number?
True
Let w(l) = -5*l + 2. Let p(x) = -2*x**2 + x + 1. Let b be p(2). Let o be w(b). Suppose -3*m + 30 = -o. Is m composite?
False
Let i = 168 + 91. Is i prime?
False
Suppose -3*c + 3*k + 603 = 0, -4*k - 913 - 96 = -5*c. Is c a composite number?
True
Let z(w) = w**2 + 5*w - 2. Let n(c) = 4 + c**2 - 4 + 2 + c. Let q be n(-2). Is z(q) a composite number?
True
Let g(m) = -m + 4. Let a be g(5). Is (-127 - 0)/(a + 0) a prime number?
True
Let g(z) = -3*z**2 + 1. Let p be g(2). Let d be p + 2*-1 + 3. Let u(v) = -16*v + 1. Is u(d) prime?
False
Let r(w) = -w**3 + 5*w**2 - 3*w - 4. Let o be r(4). Suppose 5*h + o*a = -3*a + 257, -5*a = 2*h - 118. Is h a prime number?
False
Is 688 - (0 - (-6 - -3)) a composite number?
True
Let s be (-194)/(-8) + (-1)/4. Let d(h) = 3*h**2 - 13 - 1 - 4*h**2 - s*h + 1. Is d(-10) a prime number?
True
Suppose 3*g - 5*g + 4*o + 148 = 0, 4*o - 172 = -2*g. Suppose g - 503 = -r - 4*p, -2*r = 5*p - 840. Is r a prime number?
False
Suppose 4*h + 0*h = -84. Let o = -12 - h. Is -3*(444/o)/(-4) a composite number?
False
Let k(x) = -5 + 4 + 3 + 3 + 33*x. Is k(6) composite?
True
Suppose 0 = j - 0*j - 34. Suppose -2*y + 2*q - 14 = -5*y, 5*q - 30 = -5*y. Suppose j = -y*p + 86. Is p composite?
True
Let o = 4 + -4. Suppose o = -5*r + 400 + 180. Is (-1)/(-2 + 230/r) composite?
True
Suppose -4*m - 7 = -123. Let y = 98 - m. Is y prime?
False
Suppose 2*y - 199 - 55 = 0. Is y composite?
False
Suppose -2*c + 3 + 3 = 0. Let i = c + 0. Suppose 3*n + 50 = 4*d, i*d + 4*n = -0*n + 50. Is d a composite number?
True
Let k = 673 - 342. Is k composite?
False
Let m be (-16)/6*(-234)/4. Is (3 + m/(-3))*-1 a composite number?
True
Let h(c) = -3 + 0*c + 2*c - c. Is h(6) a prime number?
True
Let x(y) = -y**3 + 3*y**2 + 3*y - 5. Let u be x(6). Suppose -g + 5*g = 0. Is 0 + g + 0 - u prime?
False
Let m(b) = 33*b. Let v be m(1). Suppose 41 + v = 2*p. Is p prime?
True
Is (1/((-10)/(-4685)))/((-1)/(-2)) a prime number?
True
Let y = 18 + -16. Suppose 125 = -y*x + 787. Is x a prime number?
True
Is (4/(-16))/(1/(-12)) prime?
True
Suppose 117 + 995 = 4*b. Let f = -117 + b. Is f a prime number?
False
Let d(o) = o + 1. Let b(c) = -c + 6. Let s be b(0). Let r be 1*3/s*4. Is d(r) prime?
True
Let g = 142 + -65. Is g composite?
True
Let d(k) = -46*k**2 + 2. Let j be d(-2). Let t = j + 259. Is t prime?
False
Suppose -4*d = -5*h + 15, 0*d - d = -5*h + 15. Let n(w) = -w + 85. Is n(d) composite?
True
Let f be (-10)/(-2)*(-26)/(-65). Suppose 5*m = -f*u + 647, -u + 3 = 2*u. Is m a prime number?
False
Let q(h) = -h**3 + 3*h**2 + 7*h - 9. Let k be q(4). Suppose -194 = i - k*i. Is i a prime number?
True
Suppose -33 = z - 470. Is z a composite number?
True
Suppose 0*i - 3*i = 4*v + 9555, 0 = 4*i - v + 12740. Is i/(-4) - (-12)/16 a prime number?
True
Suppose -g - 1030 = -5*j - 0*g, -3*g = -j + 220. Suppose -2*x + j = 51. Is x composite?
True
Is (983 + -13)/(2 - 0) a composite number?
True
Let i(o) = o**2 - 8*o + 5. Let t be i(6). Let p(a) be the third derivative of -a**4/8 - 4*a**3/3 - 6*a**2. Is p(t) a prime number?
True
Suppose -6*w + 935 = -10267. Is w a composite number?
False
Let i(m) = m**2 + m + 1. Let u be i(-2). Suppose 5*t + c - 198 = -0*t, 5*c - 150 = -4*t. Suppose -u*f + t = o, -4*o = 2*f - 7*f + 61. Is f a prime number?
True
Let h be (-1)/(-4) - 663/(-4). Let l = -33 + h. Is l composite?
True
Let u(n) = -n**3 + 6*n**2 + n - 8. Let h be u(6). Let f(j) = j**3 + 3*j**2 + j + 1. Let p be f(h). Suppose -5*s = -5*b + 20, -5*s - 11 = -b - p. Is b composite?
False
Suppose 5*x - 21 = -2*p, 0*p - 4*p = 4*x - 24. Suppose 3*k - k = p*f - 108, 0 = f + 5*k - 53. Is f a prime number?
False
Let j(o) = -32*o + 1. Let r be (4/(-12))/(2/(-24)). Suppose -15 = r*d + d. Is j(d) prime?
True
Let k(d) be the third derivative of -23*d**4/24 - 5*d**3/6 + d**2. Is k(-4) a prime number?
False
Let l = -6 + 8. Let p = 1 + l. Is 25 - (7 - p - 1) a composite number?
True
Let y be 256/(-12)*18/(-4). Suppose 3*m + 4*g = 284, -m - 5*g + 4*g + y = 0. Is (m/6)/5*3 prime?
False
Let y(i) = 334*i + 107. Is y(5) a composite number?
False
Let a be 58/18 - (-8)/(-36). Is a/(-1)*(-10)/2 prime?
False
Let d(r) = -7*r**2 + 6*r - 3 + 2 + r**3 - 3 - 1. Is d(7) composite?
False
Let n = -8447 - -12393. Is n a prime number?
False
Let q(w) be the second derivative of w**3/2 + w**2/2 - 3*w. Is q(2) a prime number?
True
Let r(k) = 64 - 3*k + 42 + 3*k - k. Is r(0) prime?
False
Suppose -4 = -3*o + 5. Suppose 13 + 2 = o*k. Let m(p) = 4*p**2 - 2*p + 1. Is m(k) composite?
True
Suppose 0 = 3*j - 3*q - 69, q - 36 - 67 = -5*j. Suppose -4*v - b + j = 0, 14 = 3*v + b - 2. Suppose v*m - 827 = -192. Is m composite?
False
Let v(t) = 3*t**3 - 9*t**2 + t + 5. Let q = 11 + -5. Is v(q) a composite number?
True
Let q(c) = -34*c**3 - 3*c**2 - 4*c - 3. Is q(-2) composite?
True
Suppose -12 = -5*s + s, y = 5*s - 13. Let t = 0 + y. Is t a prime number?
True
Let t(r) = -7*r + 2. Let y(s) = 2*s - 1. Let l be y(-2). Let d = l - -2. Is t(d) prime?
True
Let w = 3 + -1. Is 2952/4 - 2/w a prime number?
False
Let w be (